rmine s(10).
-8
Let a(f) = 2*f + 31. Give a(-12).
7
Let h(q) = 8*q + 5. Determine h(4).
37
Let c(m) = -33*m. Determine c(1).
-33
Let a(l) = -6*l**2 + 131*l + 22. What is a(22)?
0
Let f(r) = -r**2 + 8*r - 13. Give f(5).
2
Let i(c) = c**2 + 21*c - 5. Calculate i(-15).
-95
Let g(o) = -2*o + 1. What is g(5)?
-9
Let o(p) = 2*p**2 - 6*p - 74. Give o(-5).
6
Let p(d) = 8*d + 39. Give p(5).
79
Let k(l) = -l**2 + 13*l + 2. Give k(16).
-46
Let j(x) = -x**3 + 6*x**2 + 16*x - 3. Calculate j(8).
-3
Let c(o) = -3*o - 14. What is c(-8)?
10
Let x(f) = -f**2 - 5. Calculate x(6).
-41
Let z(d) = d**2 + 14*d + 48. Calculate z(-5).
3
Let m(z) = -2*z**3 - 29*z**2 - 12*z + 20. Calculate m(-14).
-8
Let x(v) = -v**3 - 2*v**2 - v + 107. What is x(0)?
107
Let h(f) = 8*f + 3. Calculate h(1).
11
Let s(h) = -26*h + 115. Give s(5).
-15
Let u(f) = -3*f**2 + 7*f + 6. Determine u(-2).
-20
Let l(z) = -z**3 - 3*z + 3. Determine l(2).
-11
Let x(s) = 4*s + 70. Calculate x(-19).
-6
Let s(u) = u**3 - 7*u**2 - 17*u + 56. What is s(8)?
-16
Let h(s) = -15*s + 16. What is h(3)?
-29
Let x(o) = 9*o**3 - 4*o**2 - 4*o - 3. Give x(-2).
-83
Let q(g) = -3*g - 6. Determine q(0).
-6
Let x(r) = -r**2 - 2*r + 9. Calculate x(-4).
1
Let q(p) = 4*p - 21. Determine q(6).
3
Let z(i) = 29*i - 170. What is z(6)?
4
Let h(t) = 60*t + 6. Determine h(1).
66
Let z(j) = 5*j + 15. What is z(-6)?
-15
Let u(f) = -f**2 - 6*f + 5. Calculate u(-8).
-11
Let n(i) = i**3 + 6*i**2 + 4*i - 4. Calculate n(-4).
12
Let y(z) = 3*z - 10. Calculate y(4).
2
Let n(o) = -o**2 + 8*o + 23. Give n(14).
-61
Let o(q) = 7*q**2 - q - 7. Determine o(-3).
59
Let z(w) = w**2 + 10*w - 17. Determine z(-6).
-41
Let w(l) = -5*l + 49. Give w(14).
-21
Let d(p) = p**3 + 4*p**2 + 3*p + 9. Give d(-4).
-3
Let b(p) = -3*p - 1. Give b(4).
-13
Let f(d) = -5*d + 1. Calculate f(1).
-4
Let l(z) = -z**3 + 4*z**2 - 4*z. What is l(4)?
-16
Let r(s) = -s**2 + 11*s - 18. Determine r(10).
-8
Let w(h) = 14*h + 34. What is w(-3)?
-8
Let l(x) = -3*x + 8. Calculate l(-4).
20
Let g(b) = -2*b - 5. Give g(-11).
17
Let k(i) = -i**2 - 10*i + 6. Determine k(-12).
-18
Let x(t) = 19*t**3 + t + 2. Calculate x(-1).
-18
Let v(l) = -l**2 + 8*l - 3. Determine v(5).
12
Let c(f) = -f**2 - 4*f + 2. Determine c(-6).
-10
Let a(y) = y**2 + 2*y + 11. What is a(-8)?
59
Let h(o) = o**2 + 6*o - 20. Calculate h(-9).
7
Let b(o) = -6*o**2 - 35*o. Determine b(-6).
-6
Let m(n) = n**3 - 3*n**2 - 24*n + 30. Calculate m(6).
-6
Let u(c) = c**2 - 8*c - 3. Determine u(7).
-10
Let z(y) = -y**2 + 2*y + 6. What is z(0)?
6
Let p(d) = -d**2 - 8*d - 14. Calculate p(-7).
-7
Let v(x) = 11*x + 124. Calculate v(-12).
-8
Let t(j) = 16*j + 105. What is t(-8)?
-23
Let g(u) = -21*u**3 - u**2 - u. Give g(-1).
21
Let q(f) = 4*f**3 - 16*f**2 + f - 2. Give q(4).
2
Let n(k) = 11*k + 157. Determine n(-13).
14
Let j(n) = -n**3 - 7*n**2 + 11*n - 8. Determine j(-9).
55
Let h(u) = u**3 - 22*u**2 + 21*u + 6. Determine h(21).
6
Let b(k) = -2*k**3 - 5*k**2 + k - 3. Calculate b(-3).
3
Let x(u) = -u + 21. What is x(17)?
4
Let o(z) = 2*z**2 + 20*z - 9. Determine o(-10).
-9
Let u(z) = z**3 + 17*z**2 + z + 16. Give u(-17).
-1
Let t(n) = 2*n**3 - 52*n**2 + 49*n + 31. Give t(25).
6
Let w(z) = z**3 + 4*z**2 - 3*z + 15. What is w(-5)?
5
Let i(z) = z + 2. Calculate i(-4).
-2
Let g(s) = 4*s + 27. Determine g(-8).
-5
Let h(a) = -a**3 + 4*a**2 + 5*a - 7. Calculate h(5).
-7
Let i(f) = 3*f - 13. Calculate i(8).
11
Let h(z) = z**2 - 4*z - 2. Determine h(-1).
3
Let a(q) = q**2 + 12*q + 20. What is a(-11)?
9
Let y(f) = -f**2 - 4*f - 3. Calculate y(-4).
-3
Let j(u) = -2*u + 122. Calculate j(0).
122
Let r(a) = -a**2 - 22*a - 19. Give r(-20).
21
Let l(t) = -t**3 - 7*t**2 + 4*t - 22. Calculate l(-8).
10
Let y(g) = g**3 - 4*g**2 + g + 1. What is y(3)?
-5
Let i(s) = -s**2 + 3*s. What is i(5)?
-10
Let r(f) = -f**2 - f + 2. Calculate r(3).
-10
Let d(u) = u**3 - 5*u**2 - 2*u - 2. Determine d(4).
-26
Let a(l) = -7*l - 23. What is a(-4)?
5
Let g(q) = -q - 5. Determine g(-5).
0
Let n(h) = h**3 + 2*h**2 - 5*h + 8. What is n(-4)?
-4
Let z(n) = n**2 + 35*n + 110. What is z(-31)?
-14
Let q(a) = a**3 + 14*a**2 - 16*a - 28. What is q(-15)?
-13
Let n(u) = 4*u - 40. Determine n(9).
-4
Let x(y) = 3*y - 9. What is x(9)?
18
Let j(u) = u**3 - 9*u**2 + 11*u - 6. Give j(8).
18
Let o(t) = -3*t**2 - 11*t + 4. Calculate o(-5).
-16
Let b(o) = -o**3 + 12*o**2 - 12*o + 11. Give b(11).
0
Let l(i) = -2*i**3 + 45*i**2 - 22*i + 5. Give l(22).
5
Let t(q) = -q**3 - 26*q**2 - 24*q + 30. Determine t(-25).
5
Let m(k) = 10*k + 116. Give m(-11).
6
Let o(i) = -i**3 + 11*i**2 - 14*i + 10. Give o(10).
-30
Let a(h) = 2*h**3 - 14*h**2 - 3*h + 4. Calculate a(7).
-17
Let i(t) = t**3 - 9*t**2 + 15*t - 3. What is i(3)?
-12
Let g(n) = n**2 + 7*n - 3. What is g(-9)?
15
Let r(c) = -2*c**3 + 6*c. Determine r(2).
-4
Let q(v) = -32*v**3 - v**2 + v + 1. Determine q(-1).
31
Let k(s) = s**2 - 10*s + 25. Determine k(10).
25
Let l(m) = -m**2 + 22*m - 8. Give l(21).
13
Let h(o) = 27*o + 3. Give h(2).
57
Let v(z) = -z**2 - 132*z - 877. What is v(-7)?
-2
Let i(m) = m**3 + 37*m**2 - 35*m + 123. Calculate i(-38).
9
Let g(x) = x**2 + 14*x - 6. Calculate g(-10).
-46
Let o(u) = -u**3 + 15*u**2 - 11*u - 19. What is o(14)?
23
Let y(a) = a - 18. Give y(-14).
-32
Let q(f) = -4*f**2 - 6*f - 4. Determine q(-4).
-44
Let p(v) = -2*v**2 - 16*v - 6. Determine p(-8).
-6
Let l(t) = -t**2 + 6*t - 1. Give l(5).
4
Let u(c) = -5*c + 3. Calculate u(5).
-22
Let l(x) = -x**2 - 11*x + 126. Calculate l(7).
0
Let k(r) = 35*r + 249. Determine k(-7).
4
Let m(z) = z**2 + 6*z + 6. Determine m(-8).
22
Let w(b) = -b**3 + 12*b**2 - b + 2. What is w(12)?
-10
Let q(g) = g**3 + 17*g**2 - 19*g - 8. Calculate q(-18).
10
Let l(r) = -r + 9. Give l(9).
0
Let i(g) = -3*g**3 + 12*g**2 - 4*g - 6. Give i(5).
-101
Let h(n) = 2*n**3 + 9*n**2 + 3*n + 4. What is h(-4)?
8
Let j(n) = 5*n - 7. Give j(-3).
-22
Let k(n) = 2*n**3 - 5*n**2 + 5*n + 3. Determine k(-3).
-111
Let g(u) = u**3 - 13*u**2 + 14*u - 26. Calculate g(12).
-2
Let n(g) = g**3 + 6*g**2 + 2*g - 9. Determine n(-5).
6
Let c(g) = g**2 - 19*g - 99. What is c(-4)?
-7
Let s(w) = -2*w**2 - 82*w - 74. Determine s(-40).
6
Let x(r) = -r - 4. Determine x(8).
-12
Let v(n) = -4*n**2 - 3*n - 1. Calculate v(-4).
-53
Let y(k) = -5*k + 29. What is y(8)?
-11
Let m(w) = -w - 9. Calculate m(-11).
2
Let n(q) = -q**2 - 9*q - 12. Calculate n(-12).
-48
Let z(g) = 11*g - 29. Determine z(3).
4
Let w(h) = 11*h + 4. Determine w(-2).
-18
Let k(c) = -12*c - 18. Determine k(-2).
6
Let g(n) = -4*n**2 + 19*n + 11. Calculate g(5).
6
Let z(y) = y**2 + 8*y + 10. Give z(-6).
-2
Let k(j) = -22*j - 12. Calculate k(0).
-12
Let v(l) = 3*l - 26. Determine v(9).
1
Let w(y) = y**2 + 15*y - 4. Give w(-7).
-60
Let s(h) = h**3 + 10*h**2 + 12*h + 24. Determine s(-9).
-3
Let p(g) = 31*g + 27. Give p(-2).
-35
Let z(l) = -l**2 - 24*l - 6. What is z(-24)?
-6
Let m(d) = 42*d + 26. What is m(-1)?
-16
Let r(d) = 2*d + 5. What is r(-6)?
-7
Let q(j) = 3*j - 24. Give q(8).
0
Let l(h) = 5*h + 10. Determine l(-4).
-10
Let c(z) = -3*z + 3. Give c(5).
-12
Let y(h) = -2*h - 6. Calculate y(-15).
24
Let p(f) = -4*f**3 - 2*f**2 - 2*f - 1. Calculate p(2).
-45
Let l(n) = 3*n**2 + 3*n + 1. Determine l(-2).
7
Let p(x) = 2*x**2 - 15*x + 25. Determine p(5).
0
Let z(a) = a**2 + 12*a + 2. Calculate z(-11).
-9
Let w(x) = x**3 + 5*x**2 + 6*x + 10. Calculate w(-4).
2
Let x(w) = -w**3 + 15*w**2 - 52*w - 22. What is x(9)?
-4
Let i(l) = 3*l**2 - 52*l + 12. Give i(17).
-5
Let c(d) = -d**3 - 7*d**2 + 10*d + 10. Determine c(-8).
-6
Let g(u) = -11*u - 2. Determine g(1).
-13
Let a(f) = f**3 + 7*f**2 + 15*f + 11. Give a(-5).
-14
Let u(g) = 17*g - 1827. Calculate u(108).
9
Let h(b) = -14*b + 9. Give h(2).
-19
Let g(t) = -16*t - 150. Calculate g(-10).
10
Let f(k) = 8*k**2 - 3*k + 3. What is f(-3)?
84
Let x(p) = -p**3 + 3*p**2 - 4. Calculate x(4).
-20
Let r(i) = -i**3 - 31*i**2 - i - 31. Determine r(-31).
0
Let g(p) = -p**2 - 29*p - 203. What is g(-15)?
7
Let w(o) = o - 40. Determine w(0).
-40
Let z(b) = b**3 + 35*b**2 - 2*b - 86. Calculate z(-35).
-16
Let x(r) = r**3 + 7*r**2 - 19*r - 5. Determine x(-9).
4
Let q(y) = y**3 + 15*y**2 - 22*y + 15. Calculate q(-16).
111
Let l(z) = z**2 + 22*z + 116. What is l(-10)?
-4
Let f(p) = -2*p**2 - 25*p + 21. Calculate f(-13).
8
Let j(z) = -z